pose -7*l = -2*l - 15. Suppose -5*r + 7 = -3. Let k(d) = -5 + 5 - r*d. Give k(l).
-6
Let d = 4 - 1. Let c(h) = -h**3 + 2 + 3*h**2 + 3*h**d - 4. Let x(p) = p**2 + 13*p + 10. Let a be x(-12). Calculate c(a).
-6
Let s(r) = r**2 + r. Let k(f) = -4*f + 10. Let l be k(2). Determine s(l).
6
Let h(y) = 3*y + 4. Let d(k) = -4*k - 5. Let m(r) = 2*d(r) + 3*h(r). Determine m(-3).
-1
Let v(f) = 11*f**3 + f**2 - f. Suppose 5*r + 16 = r. Let n(k) = k**2 + 3*k - 3. Let y be n(r). Determine v(y).
11
Let p(g) = g**2 + 5*g - 3 - 3*g - 1. Calculate p(-3).
-1
Let m(q) be the second derivative of 0 + 4*q + q**3 - q**2 - 1/12*q**4. Determine m(5).
3
Let x(t) = 55*t**2 - 113*t**2 + 57*t**2 - 5*t + 10. Calculate x(-7).
-4
Let i(b) = 2*b**3 - 4*b**2 + 2*b. Let l be (-2 - (0 - 3))*0. Suppose -6 + l = -3*z. Calculate i(z).
4
Let j(p) = p**3 - p**2 + p. Let s(n) = -5*n**3 - n**2 - 6*n. Let l(o) = 4*j(o) + s(o). Give l(-4).
-8
Let p(k) be the first derivative of k**6/120 + k**5/60 - k**4/12 - 2*k**3/3 - 1. Let g(f) be the third derivative of p(f). Give g(-2).
6
Let m(w) be the second derivative of -5*w**4/12 + 2*w**3 + 2*w**2 + w. Let o(r) = r**2 - 3*r - 1. Let f(q) = 2*m(q) + 9*o(q). Give f(-3).
-1
Let r = -6 + 5. Let o(l) = -6*l + 1. Let m be o(r). Let a(q) = -4*q**2 + 4*q - 1. Let y(s) = -9*s**2 + 9*s - 2. Let j(p) = m*a(p) - 3*y(p). What is j(0)?
-1
Let f(g) = -5*g**2 - 1. Suppose 0 = 3*x + 1 + 2. Calculate f(x).
-6
Let f(l) = l**2 + l + 4 + 3*l - 2*l**3 - 7*l. Let z(k) = -k**3 - k**2 - k + 1. Let b(j) = -f(j) + 3*z(j). What is b(-3)?
-10
Let f(u) = -18*u - 15*u + 1 - 18*u + 50*u. Calculate f(-4).
5
Let l(i) be the first derivative of i**3/3 - i**2 + 2*i - 7. Determine l(3).
5
Let u = -24 + 23. Let n(q) = -3*q + 1. Determine n(u).
4
Let l(c) = -6*c**3 - c. Let g(u) = -u - 2. Let i be g(-6). Suppose 6*y - 14 = i*q + 3*y, -2*y = 4*q + 4. Let f be (2 - 4) + (-1 - q). Give l(f).
7
Let z(s) = 6*s**3 - 2*s - 1. Let o = -80 - -79. Calculate z(o).
-5
Suppose k - 3*k = -14. Suppose k*i = 2*i. Let o(r) = r**2 + r + 5. Give o(i).
5
Let v(y) = 2*y**2 - y. Suppose 2*f + 5*d + 10 = -3*f, -2*f + 4*d = -26. Suppose o + 5*x + f = 0, -4*x - 1 - 5 = -o. Suppose o = q + 3. Determine v(q).
3
Let f(j) = -j + 3. Let i be f(6). Let v(a) = 3 + 8*a**2 + 2*a**2 - 3*a**2 - 5*a**2 + a**3. Give v(i).
-6
Let p(f) = f - 2. Let c(s) be the second derivative of s**3/6 + 5*s**2 - 7*s. Let m be c(-8). Calculate p(m).
0
Suppose 3 + 9 = -2*i. Let c(k) = k + 11. Calculate c(i).
5
Let p be (3 - 0) + 0 + 0. Suppose p*o = a + 13, 5*o - 16 = 3*o - 3*a. Let b(y) = -y - y + y**2 + o*y. What is b(-3)?
0
Suppose 26 = -3*y + 4*i, 0 = -2*y - i + 4*i - 19. Let f(r) = r - 7. Let t be f(11). Let p(c) = 3*c - t*c + 2 - 2*c**3 - 2*c + 4*c - 3*c**2. Calculate p(y).
4
Let p(s) = 7*s. Suppose 5*k + 13 - 8 = 0. Calculate p(k).
-7
Let r(g) = 4*g**2 + 7*g - 1. Let j(n) = -n. Let q(k) = -9*k**2 - 11*k + 1. Let t(w) = -4*j(w) - q(w). Let v(f) = -5*r(f) + 2*t(f). Determine v(-4).
-9
Let u be (-1 + 2)*(4 + -4). Let s(r) = 0 - r**3 + 5 - 3*r**2 - 2*r + 5*r + u*r**3. Calculate s(-4).
9
Let g(l) = -12*l. Let y(b) = -4*b. Let o(n) = -5*g(n) + 16*y(n). Let j = 7 - 8. Calculate o(j).
4
Suppose c + c + 8 = 0. Suppose 0 = 5*q + 32 + 18. Let h be c/q - 17/5. Let x(t) = -t**2 - 4*t. Calculate x(h).
3
Suppose 0 = -13*i - 8 - 5. Let q(k) = 13*k**2. Calculate q(i).
13
Suppose 0 = 3*h - 12 + 27. Let v = -23 - -25. Let j(g) = -g**2 + 0*g**v - 3*g - 2*g - 2 + 0*g. Give j(h).
-2
Let a(z) = -z**2 + z + 1. Let i = 6 - 4. Let c(v) = 2*v - 2. Let m be c(i). What is a(m)?
-1
Let u(a) be the third derivative of -a**6/30 + a**5/30 - a**4/12 + a**3/6 + 4*a**2. Let s be u(1). Let f(x) = -2*x**2 - 3*x + 2. Give f(s).
-7
Let q(x) be the first derivative of -3*x**2 - 5*x + 27. Determine q(-2).
7
Let r(p) = p**2 + 12*p + 1. Let n(z) = -z**2 - 13*z. Let b(s) = 4*n(s) + 5*r(s). Calculate b(-7).
-2
Let y(s) = 2*s**2 - 2*s - 9. Let o(f) = -2*f**2 + 2*f + 8. Let h(l) = -6*o(l) - 5*y(l). Determine h(3).
9
Let z = -13 + 16. Let o(d) = -d**2 - 2. What is o(z)?
-11
Let y be -20*-2*1/2. Suppose -4*z - y = 2*i, -5*i = 8*z - 3*z + 30. Let d(a) = a**2 - 6 + 4 + 4*a**3 - 3*a**3. Determine d(i).
-6
Let n(d) = d**3 - d**2 - d + 5. Suppose 7*i - 2*i - 5 = 0. Let l be (-1)/(-2)*(5 - 7). Let o = i + l. Give n(o).
5
Let z(v) be the third derivative of v**4/24 - 2*v**3/3 - v**2. Let j(h) = -10*h**3 + h**2 - 1. Let y be j(-1). Suppose 2*s = 4*s - y. What is z(s)?
1
Let n(u) = 0*u - u + 2*u. Suppose -f = -2*y + 13, 4*f = -4*y + f + 21. Calculate n(y).
6
Let t = -43 + 39. Let s(w) = 4 + 0*w - 3*w + 4*w. Calculate s(t).
0
Let f(p) = 8 + 2*p - 11 - 2*p**2 + 3*p**2 + 4. What is f(-4)?
9
Let w(q) = 5*q**2 + 5. Let h = 1 - 5. Let v(j) = 3 - 3 - 3 - 3*j**2. Let p(r) = h*w(r) - 7*v(r). Calculate p(-2).
5
Let l = -6 - -2. Let r(b) = b + 4. Let a(p) = 12 + 3*p + 4*p - 4*p. Let y(g) = l*a(g) + 11*r(g). Determine y(-3).
-1
Suppose -41 = -4*d + 5*w, 0*d + 4*d = 4*w + 36. Let g(o) = 0*o - d + 2 + 2*o + 3. What is g(-4)?
-7
Let p(m) = m - 3. Let q = 19 - 16. Give p(q).
0
Let w(g) = g**2 + 10. Let j be 0 - (-2)/9 - 14/63. What is w(j)?
10
Suppose -8*v = -4*v - 12. Let k(g) = -5*g**2 + 7*g + 8. Let p(r) = r**2 - r - 1. Let h(s) = k(s) + 4*p(s). Calculate h(v).
4
Let b = 114 + -112. Let g(j) = 4*j. Calculate g(b).
8
Let i(q) = q**2 + q - 1. Let a(c) = -c + 0*c**2 - 1 + 0 - c**2 + 3. Let x(u) = 3*a(u) + 2*i(u). Determine x(0).
4
Let o(y) = 9*y**3 + 4 + 7*y - 4*y**3 - 11*y**2 - 1. Let n(d) = 14*d**3 - 32*d**2 + 21*d + 9. Let f(p) = 6*n(p) - 17*o(p). What is f(-6)?
-3
Let m be 3/15 - (-21)/(-5). Let d(x) = 9*x**3 - 17*x**2 + 12*x - 9. Let z(w) = -5*w**3 + 9*w**2 - 6*w + 5. Let t(f) = -6*d(f) - 11*z(f). Give t(m).
7
Suppose d = -0*d + 2. Let k(a) = a**2 - 3 + 4*a - 2*a**d - 2*a. Suppose 4*c - 5*z = -6 - 11, 0 = 5*c - 5*z + 15. Determine k(c).
-3
Suppose 0*z - 10 = -5*z. Let k(f) = 5*f**z + f**3 - 4 - 4*f**2 + f - 3. Suppose 5*w - 2*b = 8, 0 = 4*w - 4*b + 2*b - 8. Determine k(w).
-7
Let c(o) = -o**3 - o**2 + o. Let m be c(0). Let t(g) be the first derivative of -2*g + 1/2*g**2 + 1 + 1/3*g**3. Calculate t(m).
-2
Let k(i) be the second derivative of -i**5/20 - i**4/4 - i**3/6 + 2*i. Let s be (12/10)/(8/40). Let d(n) = n - 7. Let g be d(s). What is k(g)?
-1
Let h(g) = -g**3 - 6*g**2 + 8*g + 7. Let s be h(-7). Let x(u) = s*u**2 + 3 + 4*u + 0*u**2 - u**2 - 2*u. Let l be x(3). Let n(i) = -i - 8. Determine n(l).
-8
Let z(d) be the first derivative of d**4/4 - 4*d**3/3 - 2*d**2 + 2*d - 40. Let q(b) = b**3 + 5*b**2 - 6*b + 5. Let t be q(-6). Determine z(t).
7
Let k(m) be the first derivative of m**4/4 - m**3 + 2*m**2 - 2*m - 8. Give k(2).
2
Let y(k) = -8*k - 3. Let i(g) = 4*g + 2. Let f(z) = 5*i(z) + 3*y(z). Let t = 4 - 3. Give f(t).
-3
Let w(b) = b**2 - 2*b. Suppose 0*k = -k + 8. Suppose -k*a - 2*t = -3*a - 5, 5 = -t. Suppose -6 = -d - a. Give w(d).
3
Let i(g) = -g - 1. Let d be 5*7/(105/(-312)). Let r be (-8)/36 - d/(-18). Give i(r).
5
Let u(n) = -n**2 + 2. Let b(h) = h**2 + 9*h. Let q be b(-9). Let c be u(q). Let o(k) = 6*k + 4*k**c + 4 + 0*k**2 + 0*k - 5*k**2. Calculate o(6).
4
Let y(d) = d**2 + 4*d + 4. Let a(p) = p + 6. Let g be a(-9). Let x be y(g). Let h be x/(-2) + 27/6. Let b(w) = -w**3 + 4*w**2 - 2*w + 4. Determine b(h).
-4
Let d = 12 - 12. Let f(o) = -7 + 12 - 6*o + d*o**2 + o**2. Give f(4).
-3
Suppose -3*o = o - 16. Let f(g) = -1 - 3 + 3*g + 6. Give f(o).
14
Suppose -4*i = -i + 6. Let k(y) = y**3 - y + 2. Calculate k(i).
-4
Let f = 56 - 51. Let d(m) = m**2 - 9*m - 5. Determine d(f).
-25
Let v(k) = -k**3 + k**2 - k. Suppose 0 = -p - p. Suppose -3*r = -w - 10, 2*w - 20 = -p*w - 2*r. Let b be 12/5 + (-2)/w. Determine v(b).
-6
Let u(g) = 0 - g**2 + 3*g - 1 + 5 - 6*g. Calculate u(-4).
0
Let f(q) = 1 + 6*q - 6*q + 3 + q**2 + 3*q. Calculate f(3).
22
Suppose 0 = 5*j - 4*y - 82, -11 = j - 2*j - y. Let o = j - 2. Let d be 18/4*(-16)/o. Let n(u) = u**3 + 6*u**2 + u + 2. Calculate n(d).
-4
Let m(i) = i**3 + 5*i**2 + 3*i - 3. Let u(s) = 7*s**3 + s. Let p be u(-1). Let x = 4 + p. Determine m(x).
1
Let m = 4 + 2. Let l(a) = -a**2 + 9*a - 8. What is l(m)?
10
Let x(u) = u + 7. Let q(l) = -2*l + 6. Let m be q(4). Let o be 5/m*4/(-10). Suppose o = 2*w + 13. Give x(w).
1
Suppose 3*l + 8*v = 3*v - 35, 2*l + 2 = 2*v. L